undreds digit of u?
1
Let i(v) = -v**3 + 3*v**2 - 2*v - 1. Let p be i(4). Suppose 0 = -13*c + 860 - 275. Let s = c + p. What is the units digit of s?
0
Let d = -154517 - -229529. What is the ten thousands digit of d?
7
Let o be (148/(-5))/(4/(-50)). Suppose o = 8*m + 82. What is the units digit of m?
6
Let q(t) be the third derivative of 3*t**6/20 + t**5/15 - t**4/12 - t**3/6 + 26*t**2. Let c be q(2). Suppose -4*h + 739 = c. What is the tens digit of h?
4
Suppose 5*d + 3 = -2*w - 3, -d - 2 = 0. Suppose z + 3*r - 76 = 0, -r = w*z + z - 220. Let b = z - 70. What is the units digit of b?
3
Suppose 6*l - 62832 = 2*l + 12272. What is the units digit of l?
6
Suppose 2*i + 7 - 15 = 0, 4*i + 1756 = 2*k. Suppose -k - 1324 = -5*b. What is the units digit of b?
2
Suppose 4 + 68 = 3*v. Let b(x) = -x**3 + 1. Let s be b(1). Suppose -l - l + v = s. What is the units digit of l?
2
Let s = 80130 - -6440. What is the tens digit of s?
7
Let m(w) = w**2 + 12*w + 9. Suppose t + 11 = -2*z, -4*t - t - 41 = -4*z. Let b be m(t). Let q = b + 40. What is the tens digit of q?
2
Let a(s) = 3410*s**2 + 27*s - 20. What is the tens digit of a(1)?
1
Let g be (-1 - -5722)*3/9. Let z = g - 1211. What is the tens digit of z?
9
What is the units digit of (-1006375)/(-97) + (-8)/(-12)*-9?
9
Let s = 1127 - 645. Let v = -334 + s. What is the units digit of v?
8
Let c(t) = 3*t - 79. Let l be c(-9). What is the units digit of (33 + 24)/((-6)/l)?
7
Suppose -1 = 7*d - 22. Suppose 5*m + 340 = -5*n, 8 = d*n + 5*m + 210. Let r = 204 + n. What is the units digit of r?
5
Let w(j) = -4*j**2 + j. Let k be w(-5). Let v = 200 + k. What is the tens digit of v + 5 + 1 + -7?
9
Let v(d) = -38*d**2 + 6*d - 3. Let q be v(5). Let x be q/13*(0 - -2). What is the tens digit of -1*-2*x/(-4)?
7
Suppose -4*c + 3060 = 4*p, -p + 2*c + 2*c + 740 = 0. What is the hundreds digit of p?
7
Let v = -51641 - -115014. What is the units digit of v?
3
Suppose -2*h - 5*y + 8*y + 27465 = 0, 5*y = 5. What is the thousands digit of h?
3
What is the units digit of (-30)/(-21) - 2 - 381*(-82)/14?
1
Let c = 1777 + -720. Suppose 349 = r - z, -4*r + 7*r - c = -2*z. What is the hundreds digit of r?
3
What is the tens digit of ((-345824)/(-64) - 23)*(-8)/(-6)?
7
Let u = -29885 + 47843. What is the units digit of u?
8
Let u(o) = -2*o**2 - 27*o + 48. Let k be u(-15). What is the tens digit of (k/(-2))/((-69)/17756)?
8
Let c be (6 - 5)*-17*1. Let p(m) be the first derivative of -m**4/4 - 17*m**3/3 - 5*m**2/2 - 16*m + 1. What is the units digit of p(c)?
9
Suppose -7*z - 196 = -14*z. Let y = z + -47. What is the units digit of ((1 + y)/3)/((-9)/60)?
0
Suppose 5 = h - 5. Suppose -u = 10 + h. What is the tens digit of 6/(-15) + ((-3208)/u - -2)?
6
Suppose 0 = -3*z + 484 + 44. Let h = -13245 - -13514. Let o = h - z. What is the tens digit of o?
9
Suppose 25260 + 48084 = -8*l. What is the hundreds digit of 8/20 + l/(-30)?
3
Let z = -2842 - -4696. What is the units digit of z?
4
Let a(r) = 295*r - 275 - 124 + 264. What is the hundreds digit of a(3)?
7
Let b(f) = f**2 + 12*f + 199. Let d be b(-33). Let a = d + 276. What is the thousands digit of a?
1
Suppose 13*b = 19*b - 270. Suppose -8*j + 149 - b = 0. What is the units digit of 2/3*1248/j?
4
Let y = 64771 - 22134. What is the tens digit of y?
3
Suppose 6*p + 5*p + 22 = 0. What is the units digit of p/11 + 41248/352?
7
What is the tens digit of 9002 - (-24)/(-18)*(126/(-4))/7?
0
Suppose 4*v - 139 = 53. Let z be 0 + (2/4)/((-4)/v). What is the tens digit of 102/4*(3 + 2/z)?
6
Let a = -5891 - -14235. What is the hundreds digit of a?
3
Let x = 10736 + -3146. What is the tens digit of x?
9
Suppose -a = 0, -64*a + 63*a + 28592 = 6*r - 4*r. What is the thousands digit of r?
4
Suppose -l = 114 - 119. Suppose l*y - 40 = -25. Suppose 5*p = y*m - 44, 2*m - 20 = -m - p. What is the units digit of m?
8
Suppose 5*f + 2*q = 7511, 5*f = -115*q + 116*q + 7517. What is the units digit of f?
3
Let f(y) = y**2 + 6*y - 76. Let q = -29 + 43. What is the units digit of f(q)?
4
Let c = -5805 + 9880. What is the thousands digit of c?
4
Suppose -3*l = -4*u + 4698, 3*u - 5*l - 1857 = 1661. Suppose 2*p - 2*a - 526 = 0, 5*a + 379 = -3*p + u. What is the hundreds digit of p?
2
Let h(u) = -3*u**2 + 24*u + 6. Let z be h(7). Suppose 6*f + z = 3. What is the units digit of ((-3)/9)/(f/732)?
1
Let w be 0/(-2 - 3) - -1637. Suppose 12*o - w = 931. What is the units digit of o?
4
Let c(b) = 55*b**2 - 17*b + 2. Let x(i) = -5*i - 16. Let m be x(-4). What is the tens digit of c(m)?
1
Let o(m) = 7*m - 71. Let b be o(-9). Let d = 641 + b. What is the units digit of d?
7
Let b = -870 - -1953. What is the units digit of b?
3
Suppose 6*g - 321 = -111. What is the tens digit of 10700/g + 10/35?
0
Suppose 5*y - 3*z = -745, -277 = 9*y - 7*y + 3*z. Let d = 502 + y. What is the tens digit of d?
5
Suppose o + 3*o + 4*c = 12, -5*c + 15 = 3*o. Suppose -a - 2018 = -3*j, -2*j + o*a + 1352 = -2*a. What is the units digit of j?
1
Let x(r) = r**3 + 62*r**2 - 72*r + 31. What is the thousands digit of x(-57)?
0
Suppose -6*h - 45*h - 615102 = -2878125. What is the ten thousands digit of h?
4
Let s(z) = -20*z + 1. Let p be 38/10 + (4/(-5))/(-4). Let a be 1 - 1 - (-3)/((-6)/p). What is the tens digit of s(a)?
4
Let i(c) = c**3 + 16*c**2 + 6*c + 36. Let l be i(-16). Let s = l - -62. Suppose m = 5*j - 198, -4*j + 30 + 126 = -s*m. What is the units digit of j?
0
What is the ten thousands digit of ((-20)/16 + 4903/12)*69?
2
What is the hundreds digit of (-4692)/10*(-2380)/102?
9
What is the thousands digit of (1 - -8512)/((-309)/927*(-1 + 0))?
5
Let n(b) = 25*b - 35. Let j be n(6). Let o = j + 271. Suppose 4*t + 2*q = 372, 6*t = 2*t + 5*q + o. What is the tens digit of t?
9
Suppose 3*q - 2 - 14 = -5*o, -q + 12 = 5*o. Let z be (o - (-147)/6)*(-6)/(-3). What is the units digit of z + ((-8)/(-1))/4?
5
Suppose -311646 + 1544714 = 67*l. What is the units digit of l?
4
Suppose 10*c - 9*c = -165. Let q = -85 - c. Suppose -l = -5*m + l + 100, 2*l = -5*m + q. What is the units digit of m?
8
Let j be (-4 - 0/5) + -37. Let h = 118 + j. What is the tens digit of h?
7
Let p = -2224 + 2252. What is the units digit of p?
8
Let x be -2 + 7/(28/1560). Suppose 2*u + 4*o = x, 0*o + 3*o + 12 = 0. Suppose -4*w + u = -94. What is the units digit of w?
4
Suppose 3*n + 3*b + 8342 = 89138, 5*n - b = 134606. What is the units digit of n?
3
Let i = 17 + -16. Let m be 30/(5/i) + -3. Suppose 0 = m*t, -5*t = 8*p - 3*p - 480. What is the units digit of p?
6
Suppose -99*w - 60 = -101*w. What is the tens digit of (645 + 1)/(w - 28)?
2
Suppose -5*w = 2*r + 11, 0*w + 5*w - 10 = 5*r. What is the tens digit of (-18)/(-3)*(5327/21 + w)?
1
Let m be (4/7)/(10/70). Suppose -4*q + 632 = -4*c, 7*q - 608 = 3*q - m*c. What is the units digit of q?
5
Suppose 3*j + c + 794 = 0, 13*c + 4 = 11*c. What is the units digit of (-10)/165 + (-178216)/j?
5
Let u(b) = 28*b - 4. Let y be u(7). Suppose -3*p + 4*i - 146 - 142 = 0, -2*p - 3*i - y = 0. Let z = p + 213. What is the hundreds digit of z?
1
Let k = -1845 + 6753. What is the tens digit of k?
0
Let z = -31558 + 31564. Let o = -1510 + 38. What is the units digit of (-2)/z + o/(-6)?
5
What is the thousands digit of -2466*(2/9*-5)/((-5)/(-15))?
8
Let o be (-1 - -5)*-1 + 12*201. Suppose -11*w = -4*w - o. Suppose w = 4*q - 5*k, -k - 3*k - 257 = -3*q. What is the units digit of q?
1
Let a = -4817 - -5646. What is the tens digit of a?
2
Let h(y) = y + 8. Let c be h(-6). Let x be 13/3 - c/6. Suppose -x*u + 2*u + f = -139, 5*f - 257 = -4*u. What is the tens digit of u?
6
Let f(a) = -15*a - 65*a - 79 + 9. What is the tens digit of f(-7)?
9
Suppose -4*d - 40742 = -8*d - 2*o, d - 2*o - 10183 = 0. What is the thousands digit of d?
0
What is the ten thousands digit of ((-206)/3)/(79/(-20145))?
1
Suppose 44*k + 91106 = 5*i + 47*k, -5*k + 10 = 0. What is the tens digit of i?
2
Suppose 26*o - 44621 - 27685 = 0. What is the units digit of o?
1
Suppose 5*w + 0*n + 17985 = n, n - 10793 = 3*w. What is the tens digit of w/(-5) - 1/5?
1
Let h(g) = 2*g + 11. Let d(a) = 1 + 4 + 6 + 3*a. Let k(u) = -5*d(u) + 4*h(u). What is the units digit of k(-12)?
3
Let y = -8 + 26. Suppose -15*l + y*l = -11268. What is the tens digit of (-2)/(-5) + l/(-60)?
6
Suppose -3*o = 4*s + 2*o - 11